or of 16 and 56386624.
16
What is the highest common divisor of 13467370 and 140?
70
What is the greatest common factor of 282784934 and 2206?
2206
Calculate the greatest common divisor of 3325 and 218340875.
475
What is the highest common factor of 167400315 and 180?
45
Calculate the highest common divisor of 255 and 14329740.
15
What is the highest common factor of 496 and 1684168?
248
What is the greatest common factor of 1197 and 3143189?
133
What is the highest common factor of 266912 and 10830?
38
What is the highest common factor of 2304 and 70365744?
144
Calculate the greatest common factor of 711 and 377058942.
711
Calculate the highest common factor of 2071 and 118617.
19
Calculate the highest common divisor of 31110 and 547480002.
6222
Calculate the greatest common factor of 832741 and 13741.
91
What is the greatest common factor of 648734 and 18836?
554
Calculate the highest common factor of 301124 and 94328.
3628
What is the highest common factor of 1923523 and 128947?
763
What is the greatest common divisor of 73 and 54665174?
73
What is the greatest common factor of 1930840 and 25?
5
What is the highest common divisor of 172 and 1402084187?
43
What is the greatest common factor of 16310683 and 19?
19
Calculate the highest common divisor of 70 and 75123062.
14
Calculate the greatest common factor of 5912430 and 1020.
510
What is the greatest common factor of 252 and 560812?
28
Calculate the highest common factor of 180090 and 338010.
30
Calculate the highest common divisor of 153 and 14568252.
51
What is the highest common factor of 168 and 11513180?
28
Calculate the highest common factor of 8481 and 122639.
11
What is the highest common factor of 368 and 1304353?
23
What is the greatest common factor of 1810 and 30655970?
1810
What is the highest common divisor of 17849883 and 1353?
123
What is the highest common factor of 3746448 and 48816?
144
What is the highest common factor of 126024 and 11837?
89
Calculate the greatest common factor of 2002357 and 3059.
161
Calculate the highest common divisor of 13607 and 21978.
11
What is the greatest common divisor of 22197 and 3569187?
453
What is the highest common divisor of 12662650 and 2450?
350
Calculate the highest common factor of 170 and 159450730.
10
What is the greatest common divisor of 5396727 and 14?
7
Calculate the highest common divisor of 6355 and 65422400.
155
Calculate the highest common divisor of 26066823 and 2742.
1371
Calculate the greatest common factor of 64874 and 93928.
398
Calculate the highest common divisor of 26664 and 355872.
264
What is the highest common factor of 967941 and 504?
9
What is the highest common factor of 54 and 260754?
6
Calculate the highest common divisor of 4700106 and 69255.
4617
Calculate the greatest common factor of 45107560 and 30965.
2815
What is the highest common factor of 3075 and 832107300?
3075
What is the highest common factor of 6512 and 45104?
16
Calculate the greatest common divisor of 2470 and 64203230.
130
What is the greatest common divisor of 797040 and 3683070?
810
Calculate the highest common factor of 117 and 300057849.
117
Calculate the greatest common divisor of 10358534 and 361.
361
What is the highest common factor of 620 and 132462473?
31
Calculate the greatest common divisor of 108 and 2315724.
12
What is the highest common factor of 5609 and 4040929?
79
Calculate the highest common factor of 40004 and 23998564.
548
What is the highest common divisor of 38088057 and 231?
21
What is the highest common divisor of 30387 and 7375359?
4341
Calculate the greatest common factor of 885915 and 8775.
45
Calculate the highest common divisor of 2720 and 85729776.
272
What is the highest common divisor of 50 and 547125050?
50
Calculate the highest common divisor of 121212 and 189.
63
Calculate the highest common divisor of 2346 and 1108278.
138
Calculate the greatest common factor of 219683640 and 23265.
7755
What is the greatest common factor of 16964464 and 95824?
1808
Calculate the highest common divisor of 2789725 and 1661.
151
Calculate the highest common divisor of 693 and 59796.
99
Calculate the greatest common factor of 18352 and 4661656.
248
What is the greatest common divisor of 10 and 1882182?
2
What is the highest common factor of 724603660 and 218?
218
Calculate the greatest common factor of 23042 and 57236.
82
Calculate the greatest common divisor of 31415815 and 8395.
115
What is the greatest common divisor of 39390 and 3626506?
2626
Calculate the highest common factor of 5420 and 126400.
20
What is the highest common divisor of 94 and 72918009?
47
Calculate the greatest common factor of 36 and 28068732.
36
Calculate the highest common divisor of 11018 and 4874678.
1574
What is the highest common factor of 4000948 and 2109989?
7301
Calculate the highest common factor of 411171 and 533301.
4071
Calculate the greatest common divisor of 116512 and 483260.
1324
Calculate the greatest common divisor of 39259559 and 903.
43
Calculate the greatest common factor of 235500 and 83500.
500
Calculate the greatest common divisor of 4 and 831518.
2
What is the greatest common divisor of 808907533 and 343?
343
What is the greatest common factor of 10972 and 14106616?
844
Calculate the greatest common factor of 65699645 and 9692.
2423
What is the greatest common divisor of 219 and 69294374?
73
Calculate the highest common divisor of 9 and 942808923.
9
Calculate the highest common divisor of 35 and 14042065.
5
Calculate the highest common factor of 59 and 8360241.
59
Calculate the highest common factor of 350874 and 54342.
18
Calculate the greatest common divisor of 325307771 and 43.
43
Calculate the highest common divisor of 12374 and 174662.
46
Calculate the greatest common divisor of 30497388 and 36.
12
Calculate the highest common factor of 6957666 and 1845.
9
What is the greatest common factor of 2227 and 129439921?
2227
What is the highest common factor of 10034665 and 22775?
4555
Calculate the greatest common factor of 9318894 and 4773.
111
Calculate the greatest common divisor of 28762778 and 19646.
1034
What is the highest common divisor of 65453 and 39145408?
2257
What is the highest common divisor of 176293496 and 16?
8
Calculate the greatest common divisor of 600 and 58670616.
24
Calculate the greatest common factor of 3341330 and 90.
10
Calculate the highest common factor of 52804 and 1712604.
172
What is the highest common factor of 20028430 and 20?
10
What is the greatest common divisor of 46989 and 2637?
9
What is the highest common divisor of 10108 and 7908788?
1444
Calculate the highest common divisor of 26610 and 539610.
30
Calculate the greatest common factor of 615 and 33465.
15
Calculate the greatest common divisor of 22636490 and 7869.
2623
Calculate the greatest common factor of 197 and 307001254.
197
What is the greatest common factor of 20248074 and 12936?
3234
What is the greatest common divisor of 19101575 and 725?
725
Calculate the greatest common factor of 111821 and 18.
1
What is the highest common factor of 701913 and 27?
3
What is the greatest common factor of 220 and 1524911740?
220
Calculate the highest common divisor of 16003 and 17017.
13
What is the greatest common divisor of 611820 and 1890?
270
Calculate the greatest common factor of 2880 and 934704.
144
Calculate the highest common divisor of 242 and 201409494.
22
Calculate the greatest common divisor of 2022 and 83511296.
674
What is the greatest common factor of 434 and 80192?
14
What is the highest common factor of 84545 and 407?
37
What is the highest common divisor of 169 and 12671776?
13
Calculate the highest common factor of 267656982 and 4041.
1347
What is the highest common divisor of 5976963 and 27?
27
What is the highest common divisor of 5334 and 167052498?
762
What is the greatest common divisor of 2828601 and 1551?
141
Calculate the greatest common divisor of 4660480 and 67855.
1655
What is the greatest common factor of 1020356 and 841216?
212
Calculate the greatest common divisor of 20453785 and 139403.
4807
Calculate the greatest common factor of 23 and 863138779.
23
What is the highest common factor of 3660495728 and 16?
16
Calculate the greatest common divisor of 42644 and 39452.
28
What is the highest common f